 and k.
6
Let l be 42/7 - 28/4 - -15. Calculate the highest common divisor of l and 427.
7
Suppose -95 = 2*p - 89. Let v be (-9)/p - -101 - (-1 + 7). What is the highest common divisor of 245 and v?
49
Let a(u) = 174*u - 1 - 351*u + 12*u**2 + 175*u - 5 + 3*u**3. Let l be a(-4). What is the greatest common divisor of l and 58?
2
Let k = 12 - 60. Let i be k - 4 - (6 - 2). Let u = i - -86. Calculate the highest common factor of 6 and u.
6
Let p(c) = -c - 6. Let d be p(0). Let g(n) = -11*n + 2. Let t be g(d). Suppose -2*m + 24 = -10. Calculate the highest common divisor of m and t.
17
Suppose 437*h - 915957 = -32*h. What is the highest common factor of 567 and h?
63
Suppose 0 = 4*m - 5*m + 1. Suppose 0 = 2*x - t - 102, -4*x = -2*x + 5*t - 126. Suppose 20 = x*l - 43*l. Calculate the greatest common factor of l and m.
1
Let n = 7136 + -4922. What is the greatest common divisor of 162 and n?
54
Suppose 5*m - 35 = 5*v, -12*v - 9 = -15*v. Suppose m*y = -836 + 3626. Calculate the highest common divisor of y and 31.
31
Let x be (-28)/14 + 14 + (-72)/(-4). What is the greatest common divisor of 5070 and x?
30
Let w(u) = 73*u**2 - 4*u - 5. Let d be w(-1). What is the greatest common divisor of 1206 and d?
18
Suppose -2*p - 118 = -3*j, -2*j + 159 = 2*j - 3*p. Let w be 5/((-15)/(-4))*j/6. Calculate the greatest common factor of 56 and w.
8
Suppose -3*c - 5 + 35 = 0. Let d = -4133 + 4137. Calculate the greatest common divisor of c and d.
2
Let b = 28 - 13. Suppose -b = -3*p - 3. Suppose p*o + j - 292 = -3*j, -3*j + 67 = o. What is the highest common factor of 19 and o?
19
Let c = -6670 - -6830. What is the highest common divisor of 590 and c?
10
Let u = 73147 - 73052. Let g = -6 + 11. Calculate the highest common divisor of g and u.
5
Let t = 804 - 272. Let g = -457 + t. What is the greatest common divisor of 175 and g?
25
Let t = 389 + 346. Suppose 15*r = -6*r + t. What is the greatest common divisor of r and 63?
7
Suppose 3*p - 4*u - 78 = 0, 72 = 2*p + p - 2*u. Suppose 7*j = -0*j + 1232. Calculate the greatest common divisor of j and p.
22
Let r be (-4)/12*((-18000)/20)/15. Suppose -141 - 79 = -2*c. What is the highest common divisor of c and r?
10
Suppose 69038 = 126*h - 33526. What is the greatest common divisor of h and 333?
37
Let q(u) be the second derivative of -u**4/6 + 13*u**3/2 + 43*u**2/2 - 29*u. Let s be q(17). What is the highest common factor of 288 and s?
32
Suppose 232 = g + 5*v, 6*v - 5*v = -5*g + 1064. Let c = 444 - g. Suppose 19 = 2*h - 39. What is the highest common divisor of h and c?
29
Suppose a = -4*u + 1475, 2070*a - 2073*a + 735 = 2*u. What is the greatest common factor of u and 54?
9
Let o(w) = 143*w - 2172. Let k be o(29). Calculate the greatest common factor of k and 158.
79
Let k(p) = -p**3 + 6*p**2 + p - 2. Let t be k(6). Suppose t*b = 3*v + 9*b + 77, -b - 23 = v. Let j = v + 43. What is the highest common divisor of j and 36?
12
Let d be (-34 - -35) + (119/1 - (2 + -4)). What is the greatest common factor of d and 6161?
61
Suppose 37*y + 8265 = 5*i + 34*y, -5*y = i - 1625. What is the highest common factor of 33 and i?
33
Suppose -134 = -37*r + 229 + 81. Calculate the greatest common factor of 21036 and r.
12
Let i be 1*494 + (8 - 8). Let a be (-25 + 18)*1 + 33. Calculate the highest common factor of a and i.
26
Let p(m) = 2*m**2 - 11*m - 2. Let a be p(6). Suppose -10 + 4 = -2*u, -3*t + 444 = a*u. Suppose 7*z - 545 = -321. What is the highest common divisor of t and z?
16
Let u be 6/(-2) - -1*2. Suppose -13*c - 471 = -484. Let q be -2 + (c - u) + 20. Calculate the highest common divisor of 20 and q.
20
Let p(y) = -y**2 + 145*y + 6333. Let l be p(-35). What is the greatest common divisor of l and 11187?
33
Let m(g) = -g**2 - 38*g + 2008. Let d be m(-67). Calculate the greatest common factor of d and 36985.
65
Suppose 0 = h - 0*h - 2*n - 14, -h = 3*n - 24. Suppose -26*a + 17*a = -h. Suppose -a*c = -5*c + 30. What is the greatest common divisor of c and 10?
10
Suppose 5*i - 130 = -150. Let f be (-19)/((-2299)/3366) - i/22. What is the greatest common factor of f and 28?
28
Let s be (-2)/((-12)/(-18)) + 57. Let n be 18/12*-4 + s. What is the greatest common factor of 30 and n?
6
Let o be (-19 - (-15 - -8))/(-2). Suppose 0 = o*x + 348 - 444. What is the greatest common divisor of 24 and x?
8
Let n(l) = l**2 + l - 4. Let b be n(-4). Let r(m) = -m**3 + 8*m**2 + 136*m - 945. Let d be r(7). What is the greatest common factor of d and b?
8
Suppose 3*t - 2*o - 1527 = 0, 9*o = -5*t + 10*o + 2559. What is the greatest common factor of 247 and t?
19
Let y = 2592 - 1054. Suppose -5*h = -l - y, -h = -4*h - l + 926. Calculate the greatest common factor of 28 and h.
28
Let d(q) = 61*q + 718. Let y be d(-11). Calculate the greatest common factor of y and 4559.
47
Suppose r + 508 = 3*j, 3352*j + 4*r = 3357*j - 835. Calculate the greatest common factor of j and 42921.
171
Let z be (-43784)/(-9) - (-7496)/(-8433). What is the highest common divisor of 38 and z?
38
Let y = 28289 - 28232. What is the highest common divisor of 15333 and y?
57
Suppose -269*b + 274*b = 110. Let z(m) = 9*m - 138. Let y be z(b). What is the highest common factor of y and 60?
60
Let p be (3 - (6 - 4)) + 1. Let k(h) = -9*h - 11. Let v be k(4). Let u = 61 + v. What is the highest common factor of p and u?
2
Let s(v) = 10*v - 7*v - 2*v**2 - v**3 + 5*v**2 + 0*v + 2. Let u be s(-2). Let m = u - -27. What is the greatest common divisor of m and 473?
43
Let v(k) = -169*k + 12501. Let c be v(57). What is the highest common factor of 12 and c?
12
Suppose -18778 = -4*t - 70*w + 69*w, -5*t + 23459 = -w. Calculate the highest common factor of t and 13.
13
Suppose 0 = q - l - 312 + 283, -2*q - 4*l = -94. Let c be -1 - -68 - -1 - -2. What is the highest common divisor of c and q?
35
Let f(c) = -15*c + 8. Let z be f(-6). Let o be 2*((-3)/(-6) - -2). Suppose -16 - 54 = -o*n. Calculate the greatest common divisor of n and z.
14
Suppose -184*t = 4*f - 186*t - 7654, 0 = f - 4*t - 1931. What is the highest common factor of 117 and f?
39
Let t be 15*(-25 + 21 + 68/10). Let h be (-9)/6 + t/4. Calculate the highest common divisor of h and 225.
9
Suppose -4*y = -y - 15. Let f(b) = 0 + y*b**2 + b**3 - 2*b**2 - 3 + 6 + 2*b. Let s be f(-2). What is the highest common divisor of s and 24?
3
Let x(h) = -3*h**2 + 6*h + 9 + 5*h**2 + 0*h**2. Let m be x(-7). What is the highest common divisor of m and 13?
13
Suppose 0 = -6*g + 4 - 28. Let i be 3 + (2 - (g - -1)) + -5. Let j(y) = -8*y. Let x be j(-6). What is the greatest common factor of i and x?
3
Suppose -4*q + 11567 = 6*q - 24913. What is the highest common factor of q and 24?
24
Suppose 0 = -2*s - 5*f + 734 - 196, f - 1322 = -5*s. Let d = 280 - s. What is the greatest common divisor of d and 592?
16
Let h(q) = -q**2 + 6*q - 108. Let c be h(25). Let r = c - -736. Calculate the greatest common factor of r and 9.
9
Suppose 0 = 14*c - 73 + 17. Suppose 0 = c*d + 9 - 21. What is the highest common factor of d and 93?
3
Let m be (3 - (6 + 0)) + (-1696)/(-8). Suppose -3*z + 71 = -31. Let a = z + -15. What is the greatest common factor of a and m?
19
Let d(h) = 2*h**3 - 3*h**2 - 2*h + 0*h**2 - 10*h + 6 + 5*h. Let b be d(3). What is the highest common factor of b and 15?
3
Let w(g) = 24*g + 124. Let t be w(9). What is the greatest common divisor of t and 15?
5
Let n = 161 + -115. Suppose -301*q + 40330 = 220*q + 4381. What is the highest common divisor of n and q?
23
Let z be (1*(0 - -4))/1. Suppose 254 = 13*w - 149. Suppose -25*j + w*j - 96 = 0. What is the greatest common factor of z and j?
4
Suppose 2*r - 10 = -3*h, -15*h = 2*r - 10*h - 14. Suppose 0 = -r*f + 6*j - 4*j + 958, 0 = 5*f - 3*j - 2405. What is the greatest common divisor of 11 and f?
11
Let l(b) = b**3 - 2*b**2 - 6. Let f be l(3). Let t be 22*(-2)/(-4) - f. Suppose q + t + 1 = h, -2*q - 4 = 0. What is the highest common divisor of h and 56?
7
Suppose 107 + 109 = 3*u. Let i be -8 - (5 + (-168)/8). Calculate the greatest common factor of u and i.
8
Let f = -2089 - -1414. Let b = -265 - f. Calculate the greatest common factor of b and 82.
82
Suppose -5*l = 5, -9*b + 4*b - 39 = 4*l. Let o(n) = -n**3 - 2*n**2 + 33*n + 6. Let r be o(b). What is the highest common factor of 5 and r?
5
Suppose 10*n 